ulate the remainder when 42259 is divided by 14086.
1
Calculate the remainder when 8190 is divided by 1016.
62
Calculate the remainder when 1063086 is divided by 10.
6
Calculate the remainder when 139401 is divided by 27879.
6
Calculate the remainder when 6702 is divided by 2888.
926
Calculate the remainder when 40152 is divided by 17.
15
Calculate the remainder when 10291 is divided by 22.
17
What is the remainder when 33413 is divided by 619?
606
Calculate the remainder when 16124 is divided by 4024.
28
What is the remainder when 107187 is divided by 90?
87
Calculate the remainder when 70677 is divided by 380.
377
What is the remainder when 12164 is divided by 1369?
1212
Calculate the remainder when 55482 is divided by 235.
22
What is the remainder when 48459 is divided by 12061?
215
Calculate the remainder when 556 is divided by 14.
10
What is the remainder when 41327 is divided by 13731?
134
Calculate the remainder when 2608 is divided by 237.
1
What is the remainder when 37810 is divided by 39?
19
What is the remainder when 1318524 is divided by 439506?
6
What is the remainder when 407577 is divided by 97?
80
Calculate the remainder when 136653 is divided by 936.
933
Calculate the remainder when 346 is divided by 60.
46
What is the remainder when 7838 is divided by 1206?
602
What is the remainder when 7231 is divided by 7210?
21
Calculate the remainder when 253 is divided by 82.
7
What is the remainder when 9279 is divided by 111?
66
Calculate the remainder when 616016 is divided by 247.
245
Calculate the remainder when 6742 is divided by 74.
8
Calculate the remainder when 16480 is divided by 48.
16
What is the remainder when 1082700 is divided by 157?
28
What is the remainder when 11655 is divided by 49?
42
What is the remainder when 2698 is divided by 1272?
154
What is the remainder when 6611 is divided by 45?
41
What is the remainder when 44401 is divided by 21?
7
What is the remainder when 154372 is divided by 95?
92
Calculate the remainder when 39459 is divided by 1793.
13
What is the remainder when 117465 is divided by 172?
161
What is the remainder when 9765 is divided by 4?
1
Calculate the remainder when 163 is divided by 12.
7
Calculate the remainder when 1573 is divided by 113.
104
What is the remainder when 13209 is divided by 352?
185
What is the remainder when 3444248 is divided by 250?
248
What is the remainder when 31681 is divided by 31670?
11
What is the remainder when 7347 is divided by 210?
207
What is the remainder when 1764 is divided by 450?
414
What is the remainder when 75424 is divided by 75385?
39
What is the remainder when 10158 is divided by 922?
16
Calculate the remainder when 424 is divided by 94.
48
What is the remainder when 364 is divided by 253?
111
Calculate the remainder when 81086 is divided by 1126.
14
Calculate the remainder when 722 is divided by 717.
5
Calculate the remainder when 2301 is divided by 942.
417
Calculate the remainder when 20412 is divided by 888.
876
Calculate the remainder when 68247 is divided by 5.
2
What is the remainder when 648 is divided by 285?
78
What is the remainder when 503 is divided by 66?
41
Calculate the remainder when 17132 is divided by 41.
35
What is the remainder when 452277 is divided by 557?
550
Calculate the remainder when 2102182 is divided by 1204.
1202
What is the remainder when 553135 is divided by 630?
625
Calculate the remainder when 286954 is divided by 36.
34
What is the remainder when 1103234 is divided by 33?
11
What is the remainder when 17052 is divided by 13?
9
What is the remainder when 1152908 is divided by 55?
53
What is the remainder when 51865 is divided by 387?
7
Calculate the remainder when 12739 is divided by 710.
669
What is the remainder when 358 is divided by 31?
17
What is the remainder when 12140 is divided by 13?
11
Calculate the remainder when 876 is divided by 307.
262
Calculate the remainder when 123140 is divided by 168.
164
Calculate the remainder when 223686 is divided by 44736.
6
Calculate the remainder when 2066 is divided by 513.
14
Calculate the remainder when 47756 is divided by 120.
116
Calculate the remainder when 23497 is divided by 373.
371
What is the remainder when 75207 is divided by 82?
13
What is the remainder when 371969 is divided by 1141?
3
What is the remainder when 42388 is divided by 54?
52
What is the remainder when 10781 is divided by 19?
8
Calculate the remainder when 3664 is divided by 523.
3
What is the remainder when 831757 is divided by 135?
22
Calculate the remainder when 5194 is divided by 43.
34
What is the remainder when 1632 is divided by 246?
156
Calculate the remainder when 24369 is divided by 9.
6
What is the remainder when 107508 is divided by 71?
14
What is the remainder when 31250 is divided by 10412?
14
Calculate the remainder when 295367 is divided by 372.
371
Calculate the remainder when 112015 is divided by 12441.
46
Calculate the remainder when 62592 is divided by 62584.
8
What is the remainder when 16775 is divided by 2095?
15
What is the remainder when 153677 is divided by 80?
77
Calculate the remainder when 88869 is divided by 161.
158
What is the remainder when 887 is divided by 31?
19
What is the remainder when 55990 is divided by 73?
72
What is the remainder when 132896 is divided by 269?
10
Calculate the remainder when 34894 is divided by 401.
7
What is the remainder when 70908 is divided by 128?
124
What is the remainder when 3191 is divided by 805?
776
Calculate the remainder when 13224 is divided by 154.
134
Calculate the remainder when 1195 is divided by 409.
377
What is the remainder when 808940 is divided by 7354?
0
Calculate the remainder when 46853 is divided by 248.
229
What is the remainder when 723056 is divided by 32?
16
What is the remainder when 4330 is divided by 3?
1
What is the remainder when 1207 is divided by 569?
69
What is the remainder when 5835 is divided by 1919?
78
What is the remainder when 740 is divided by 513?
227
What is the remainder when 9534 is divided by 6874?
2660
What is the remainder when 8968 is divided by 1585?
1043
What is the remainder when 7388439 is divided by 183?
180
What is the remainder when 8051 is divided by 503?
3
Calculate the remainder when 5973 is divided by 1988.
9
Calculate the remainder when 106852 is divided by 3955.
67
Calculate the remainder when 4884 is divided by 16.
4
Calculate the remainder when 9602 is divided by 177.
44
Calculate the remainder when 17239 is divided by 15.
4
What is the remainder when 837545 is divided by 1782?
5
What is the remainder when 15736 is divided by 71?
45
Calculate the remainder when 1675 is divided by 410.
35
Calculate the remainder when 308273 is divided by 1614.
1613
Calculate the remainder when 2294 is divided by 15.
14
What is the remainder when 3331 is divided by 28?
27
Calculate the remainder when 124974 is divided by 103.
35
Calculate the remainder when 924 is divided by 451.
22
What is the remainder when 18711 is divided by 197?
193
Calculate the remainder when 188 is divided by 157.
31
Calculate the remainder when 21581 is divided by 696.
5
Calculate the remainder when 36100 is divided by 1094.
1092
What is the remainder when 31853 is divided by 204?
29
What is the remainder when 1120 is divided by 17?
15
Calculate the remainder when 9732 is divided by 174.
162
Calculate the remainder when 8051 is divided by 608.
147
What is the remainder when 15635 is divided by 15585?
50
Calculate the remainder when 2377 is divided by 542.
209
Calculate the remainder when 11725 is divided by 59.
43
What is the remainder when 20591 is divided by 144?
143
What is the remainder when 110395 is divided by 10035?
10
What is the remainder when 24319 is divided by 236?
11
Calculate the remainder when 15770 is divided by 1970.
10
Calculate the remainder when 2316 is divided by 452.
56
What is the remainder when 69570 is divided by 34561?
448
What is the remainder when 292641 is divided by 132?
129
What is the remainder when 218790 is divided by 2701?
9
Calculate the remainder when 17252 is divided by 480.
452
What is the remainder when 56852 is divided by 37?
20
What is the remainder when 8418 is divided by 1201?
11
Calculate the remainder when 226017 is divided by 8.
1
What is the remainder when 7